 is divided by 4618.
67
What is the remainder when 432237 is divided by 2361?
174
Calculate the remainder when 81611 is divided by 604.
71
What is the remainder when 159865 is divided by 50?
15
Calculate the remainder when 6305598 is divided by 84.
54
Calculate the remainder when 397283424 is divided by 56.
48
What is the remainder when 1323735 is divided by 11714?
53
Calculate the remainder when 1068179 is divided by 266957.
351
Calculate the remainder when 22649 is divided by 396.
77
Calculate the remainder when 1043919 is divided by 23.
18
What is the remainder when 16373527 is divided by 91?
79
What is the remainder when 387041 is divided by 1870?
1821
What is the remainder when 64296481 is divided by 155?
1
What is the remainder when 179343779 is divided by 924?
923
Calculate the remainder when 455830 is divided by 52.
50
What is the remainder when 23215427 is divided by 3869236?
11
What is the remainder when 17327 is divided by 617?
51
Calculate the remainder when 249092262 is divided by 4207.
4206
Calculate the remainder when 997470 is divided by 1295.
320
Calculate the remainder when 760546 is divided by 3141.
424
Calculate the remainder when 8097877 is divided by 2024457.
49
Calculate the remainder when 185916 is divided by 683.
140
Calculate the remainder when 287520 is divided by 17787.
2928
What is the remainder when 119167 is divided by 3029?
1036
What is the remainder when 598665 is divided by 7?
4
Calculate the remainder when 51197109 is divided by 3326.
3317
What is the remainder when 1860416 is divided by 1068?
1028
Calculate the remainder when 678593 is divided by 151.
150
Calculate the remainder when 416757767 is divided by 138919250.
17
Calculate the remainder when 9338720 is divided by 193.
29
Calculate the remainder when 272839 is divided by 2108.
907
What is the remainder when 4161308 is divided by 260077?
76
Calculate the remainder when 773025 is divided by 70275.
0
Calculate the remainder when 817921 is divided by 103.
101
Calculate the remainder when 44032108 is divided by 62.
18
Calculate the remainder when 33316645 is divided by 223.
222
What is the remainder when 234053 is divided by 1361?
1322
What is the remainder when 238195 is divided by 79391?
22
Calculate the remainder when 1795736 is divided by 66508.
20
What is the remainder when 119785 is divided by 10843?
512
Calculate the remainder when 27361458 is divided by 1291.
4
Calculate the remainder when 188997 is divided by 1223.
655
Calculate the remainder when 157384 is divided by 249.
16
What is the remainder when 124619 is divided by 59347?
5925
Calculate the remainder when 163270 is divided by 17.
2
Calculate the remainder when 468792 is divided by 441.
9
Calculate the remainder when 16773 is divided by 8138.
497
What is the remainder when 323614 is divided by 251?
75
Calculate the remainder when 694621 is divided by 231540.
1
Calculate the remainder when 234323651 is divided by 1064.
1059
What is the remainder when 32138854 is divided by 32138853?
1
What is the remainder when 144804 is divided by 4985?
239
Calculate the remainder when 1349173 is divided by 26.
7
What is the remainder when 775447 is divided by 375?
322
Calculate the remainder when 124286393 is divided by 3425.
3418
What is the remainder when 2330018 is divided by 2330000?
18
What is the remainder when 369882237 is divided by 2662?
2661
Calculate the remainder when 906663 is divided by 27.
3
What is the remainder when 206938 is divided by 103284?
370
Calculate the remainder when 449574927 is divided by 273964.
3
What is the remainder when 675799 is divided by 51?
49
Calculate the remainder when 711840 is divided by 177804.
624
What is the remainder when 5129040 is divided by 93255?
15
Calculate the remainder when 2096531 is divided by 17919.
8
What is the remainder when 5791028 is divided by 17?
12
Calculate the remainder when 6888956 is divided by 2304.
2300
Calculate the remainder when 393254 is divided by 459.
350
Calculate the remainder when 40114 is divided by 744.
682
Calculate the remainder when 126010937 is divided by 110.
107
What is the remainder when 20586948 is divided by 6862310?
18
Calculate the remainder when 160761 is divided by 5543.
14
What is the remainder when 382811 is divided by 167?
47
What is the remainder when 10083 is divided by 2245?
1103
What is the remainder when 684957 is divided by 23?
17
What is the remainder when 39349 is divided by 3539?
420
What is the remainder when 286073 is divided by 5444?
2985
What is the remainder when 20913 is divided by 5947?
3072
Calculate the remainder when 3515558 is divided by 549.
311
Calculate the remainder when 1761496 is divided by 293572.
64
What is the remainder when 561585 is divided by 64?
49
What is the remainder when 85213924 is divided by 524?
520
What is the remainder when 386380 is divided by 243?
10
Calculate the remainder when 1313780 is divided by 2303.
1070
What is the remainder when 11526243 is divided by 585?
573
Calculate the remainder when 1323295 is divided by 5655.
25
Calculate the remainder when 2018311 is divided by 32.
7
Calculate the remainder when 12546881 is divided by 185.
181
Calculate the remainder when 26212872 is divided by 88557.
0
What is the remainder when 51545468 is divided by 621029?
61
What is the remainder when 15912444 is divided by 3978109?
8
Calculate the remainder when 249393 is divided by 122573.
4247
Calculate the remainder when 1886236 is divided by 2714.
6
What is the remainder when 6224741 is divided by 3703?
3701
What is the remainder when 19369963 is divided by 14?
11
Calculate the remainder when 12746495 is divided by 256.
255
What is the remainder when 812347 is divided by 1696?
1659
What is the remainder when 227127 is divided by 2642?
2557
Calculate the remainder when 1384592 is divided by 5917.
14
What is the remainder when 1225434 is divided by 661?
601
What is the remainder when 381044295 is divided by 140?
135
What is the remainder when 93892 is divided by 8364?
1888
Calculate the remainder when 4723530 is divided by 397.
24
Calculate the remainder when 185759 is divided by 92643.
473
Calculate the remainder when 36399175 is divided by 11868.
19
Calculate the remainder when 3221211 is divided by 240.
171
What is the remainder when 707200 is divided by 235663?
211
Calculate the remainder when 23898 is divided by 520.
498
Calculate the remainder when 121384 is divided by 29506.
3360
Calculate the remainder when 242261314 is divided by 18635485.
9
Calculate the remainder when 190495 is divided by 95184.
127
What is the remainder when 5372351 is divided by 767477?
12
What is the remainder when 240653 is divided by 5865?
188
Calculate the remainder when 21055306 is divided by 2743.
38
What is the remainder when 48494 is divided by 5388?
2
Calculate the remainder when 6543679 is divided by 4840.
4839
Calculate the remainder when 292494 is divided by 668.
578
Calculate the remainder when 9076149 is divided by 108.
45
What is the remainder when 159305 is divided by 159176?
129
Calculate the remainder when 545505 is divided by 53.
29
What is the remainder when 4365834 is divided by 40?
34
Calculate the remainder when 36790598 is divided by 140.
138
What is the remainder when 1256268 is divided by 1256261?
7
What is the remainder when 32837 is divided by 8059?
601
What is the remainder when 23339 is divided by 129?
119
Calculate the remainder when 455145 is divided by 91029.
0
Calculate the remainder when 910953 is divided by 91094.
13
Calculate the remainder when 42150 is divided by 3644.
2066
Calculate the remainder when 3200845 is divided by 22383.
76
What is the remainder when 285892 is divided by 3501?
2311
What is the remainder when 12126161 is divided by 484?
25
Calculate the remainder when 1753086 is divided by 856.
854
Calculate the remainder when 13481 is divided by 1692.
1637
What is the remainder when 1944934 is divided by 3740?
134
What is the remainder when 1491 is divided by 452?
135
Calculate the remainder when 3377195218 is divided by 15.
13
What is the remainder when 1841612 is divided by 9119?
8693
What is the remainder when 61764 is divided by 3832?
452
Calculate the remainder when 3243830 is divided by 27490.
10
What is the remainder when 229897463 is d